{"id":1204,"date":"2023-03-14T15:03:51","date_gmt":"2023-03-14T14:03:51","guid":{"rendered":"https:\/\/tanja-hoyer.de\/?page_id=1204"},"modified":"2023-03-14T16:48:27","modified_gmt":"2023-03-14T15:48:27","slug":"oeffentlichkeit","status":"publish","type":"page","link":"https:\/\/tanja-hoyer.de\/?page_id=1204","title":{"rendered":"TV, Podcasts und Co"},"content":{"rendered":"<div class=\"wp-block-image\">\n<figure class=\"alignright size-large is-resized\"><a href=\"https:\/\/tanja-hoyer.de\/wp-content\/uploads\/2023\/03\/Podium.jpeg\"><img loading=\"lazy\" decoding=\"async\" src=\"https:\/\/tanja-hoyer.de\/wp-content\/uploads\/2023\/03\/Podium-552x1024.jpeg\" alt=\"\" class=\"wp-image-1210\" width=\"297\" height=\"551\" srcset=\"https:\/\/tanja-hoyer.de\/wp-content\/uploads\/2023\/03\/Podium-552x1024.jpeg 552w, https:\/\/tanja-hoyer.de\/wp-content\/uploads\/2023\/03\/Podium-162x300.jpeg 162w, https:\/\/tanja-hoyer.de\/wp-content\/uploads\/2023\/03\/Podium.jpeg 617w\" sizes=\"auto, (max-width: 297px) 100vw, 297px\" \/><\/a><\/figure>\n<\/div>\n\n\n<p>Das Thema #Sexualit\u00e4t interessiert mich schon mehrere Jahrzehnte. &#8222;Alle machen es&#8220; aber niemand spricht dar\u00fcber. F\u00fcr mich &#8222;mit meinem ausgepr\u00e4gten Entdeckertum&#8220; war recht fr\u00fch klar, dass ich versuchen m\u00f6chte dar\u00fcber &#8222;alles was m\u00f6glich ist&#8220; heraus finden. Bevor und auch w\u00e4hrend ich den therapeutischen Weg einschlug, habe ich unter meinen K\u00fcnstlernamen &#8222;Daria Onier&#8220; viele Jahre im beruflichen Kontext auch praktisch mit Sexualit\u00e4t gearbeitet und geforscht. Ich habe mit BDSM, das heisst mit &#8222;erotischer Dominanz&#8220; Erfahrungen gesammelt, sowie Sexualassistenz f\u00fcr Menschen mit Behinderungen und\/oder psychischen Beeintr\u00e4chtigungen und auch erotisch, tantrische Massagen angeboten.<\/p>\n\n\n\n<p>Mittlerweile biete ich keinerlei sexuelle Dienstleistungen mehr an. Da das Thema Sexarbeit in Baden-W\u00fcrttemberg auch im letzten Jahrzehnt noch so ein Tabu und auch das Stigma so stark ausgepr\u00e4gt ist, habe ich es vor einigen Jahren f\u00fcr sehr wichtig erachtet hier aktivistisch und aufkl\u00e4rend t\u00e4tig zu werden. Durch diesen Aktivismus ist daraus eine Vielzahl an Vortr\u00e4gen, Podcasts, Tv und Radioauftritte geworden. <\/p>\n\n\n\n<p>\u00d6ffentlich zu sprechen, und Menschen &#8222;weiter zu bilden&#8220; bereitet mir eine gro\u00dfe Freude und es ist mir ein Anliegen, diese Anteile meiner beruflichen Karriere mit einem ebensolchen Stolz zu behandeln wie meine Therapeutische Laufbahn. Gerade wegen des ausgepr\u00e4gten Stigma und dem mangelnden Wissen in diesen Berufssbereichen. <\/p>\n\n\n\n<p>Hier geht es zu meinen medialen Auftritten:<\/p>\n\n\n\n<figure class=\"wp-block-embed is-type-wp-embed is-provider-daria-onier wp-block-embed-daria-onier\"><div class=\"wp-block-embed__wrapper\">\n<blockquote class=\"wp-embedded-content\" data-secret=\"2WHVYzRjDK\"><a href=\"https:\/\/daria-onier.de\/tv-radio-und-podcasts\/\">Tv, Radio und Podcasts<\/a><\/blockquote><iframe loading=\"lazy\" class=\"wp-embedded-content\" sandbox=\"allow-scripts\" security=\"restricted\" style=\"position: absolute; clip: rect(1px, 1px, 1px, 1px);\" title=\"&#8222;Tv, Radio und Podcasts&#8220; &#8212; Daria Oni\u00e9r\" src=\"https:\/\/daria-onier.de\/tv-radio-und-podcasts\/embed\/#?secret=cd173rLiiC#?secret=2WHVYzRjDK\" data-secret=\"2WHVYzRjDK\" width=\"500\" height=\"282\" frameborder=\"0\" marginwidth=\"0\" marginheight=\"0\" scrolling=\"no\"><\/iframe>\n<\/div><\/figure>\n","protected":false},"excerpt":{"rendered":"<p>Das Thema #Sexualit\u00e4t interessiert mich schon mehrere Jahrzehnte. &#8222;Alle machen es&#8220; aber niemand spricht dar\u00fcber. F\u00fcr mich &#8222;mit meinem ausgepr\u00e4gten Entdeckertum&#8220; war recht fr\u00fch klar, dass ich versuchen m\u00f6chte dar\u00fcber &#8222;alles was m\u00f6glich ist&#8220; heraus finden. Bevor und auch w\u00e4hrend ich den therapeutischen Weg einschlug, habe ich unter meinen K\u00fcnstlernamen&#8230;<\/p>\n","protected":false},"author":2,"featured_media":1210,"parent":0,"menu_order":0,"comment_status":"closed","ping_status":"closed","template":"","meta":{"footnotes":""},"class_list":["post-1204","page","type-page","status-publish","has-post-thumbnail","hentry"],"_links":{"self":[{"href":"https:\/\/tanja-hoyer.de\/index.php?rest_route=\/wp\/v2\/pages\/1204","targetHints":{"allow":["GET"]}}],"collection":[{"href":"https:\/\/tanja-hoyer.de\/index.php?rest_route=\/wp\/v2\/pages"}],"about":[{"href":"https:\/\/tanja-hoyer.de\/index.php?rest_route=\/wp\/v2\/types\/page"}],"author":[{"embeddable":true,"href":"https:\/\/tanja-hoyer.de\/index.php?rest_route=\/wp\/v2\/users\/2"}],"replies":[{"embeddable":true,"href":"https:\/\/tanja-hoyer.de\/index.php?rest_route=%2Fwp%2Fv2%2Fcomments&post=1204"}],"version-history":[{"count":4,"href":"https:\/\/tanja-hoyer.de\/index.php?rest_route=\/wp\/v2\/pages\/1204\/revisions"}],"predecessor-version":[{"id":1211,"href":"https:\/\/tanja-hoyer.de\/index.php?rest_route=\/wp\/v2\/pages\/1204\/revisions\/1211"}],"wp:featuredmedia":[{"embeddable":true,"href":"https:\/\/tanja-hoyer.de\/index.php?rest_route=\/wp\/v2\/media\/1210"}],"wp:attachment":[{"href":"https:\/\/tanja-hoyer.de\/index.php?rest_route=%2Fwp%2Fv2%2Fmedia&parent=1204"}],"curies":[{"name":"wp","href":"https:\/\/api.w.org\/{rel}","templated":true}]}}

<div class="wp-block-image">
<figure class="alignright size-large is-resized"><a href="https://tanja-hoyer.de/wp-content/uploads/2023/03/Podium.jpeg"><img loading="lazy" decoding="async" src="https://tanja-hoyer.de/wp-content/uploads/2023/03/Podium-552x1024.jpeg" alt="" class="wp-image-1210" width="297" height="551" srcset="https://tanja-hoyer.de/wp-content/uploads/2023/03/Podium-552x1024.jpeg 552w, https://tanja-hoyer.de/wp-content/uploads/2023/03/Podium-162x300.jpeg 162w, https://tanja-hoyer.de/wp-content/uploads/2023/03/Podium.jpeg 617w" sizes="auto, (max-width: 297px) 100vw, 297px" /></a></figure>
</div>


<p>Das Thema #Sexualität interessiert mich schon mehrere Jahrzehnte. &#8222;Alle machen es&#8220; aber niemand spricht darüber. Für mich &#8222;mit meinem ausgeprägten Entdeckertum&#8220; war recht früh klar, dass ich versuchen möchte darüber &#8222;alles was möglich ist&#8220; heraus finden. Bevor und auch während ich den therapeutischen Weg einschlug, habe ich unter meinen Künstlernamen &#8222;Daria Onier&#8220; viele Jahre im beruflichen Kontext auch praktisch mit Sexualität gearbeitet und geforscht. Ich habe mit BDSM, das heisst mit &#8222;erotischer Dominanz&#8220; Erfahrungen gesammelt, sowie Sexualassistenz für Menschen mit Behinderungen und/oder psychischen Beeinträchtigungen und auch erotisch, tantrische Massagen angeboten.</p>



<p>Mittlerweile biete ich keinerlei sexuelle Dienstleistungen mehr an. Da das Thema Sexarbeit in Baden-Württemberg auch im letzten Jahrzehnt noch so ein Tabu und auch das Stigma so stark ausgeprägt ist, habe ich es vor einigen Jahren für sehr wichtig erachtet hier aktivistisch und aufklärend tätig zu werden. Durch diesen Aktivismus ist daraus eine Vielzahl an Vorträgen, Podcasts, Tv und Radioauftritte geworden. </p>



<p>Öffentlich zu sprechen, und Menschen &#8222;weiter zu bilden&#8220; bereitet mir eine große Freude und es ist mir ein Anliegen, diese Anteile meiner beruflichen Karriere mit einem ebensolchen Stolz zu behandeln wie meine Therapeutische Laufbahn. Gerade wegen des ausgeprägten Stigma und dem mangelnden Wissen in diesen Berufssbereichen. </p>



<p>Hier geht es zu meinen medialen Auftritten:</p>



<figure class="wp-block-embed is-type-wp-embed is-provider-daria-onier wp-block-embed-daria-onier"><div class="wp-block-embed__wrapper">
<blockquote class="wp-embedded-content" data-secret="2WHVYzRjDK"><a href="https://daria-onier.de/tv-radio-und-podcasts/">Tv, Radio und Podcasts</a></blockquote><iframe loading="lazy" class="wp-embedded-content" sandbox="allow-scripts" security="restricted" style="position: absolute; clip: rect(1px, 1px, 1px, 1px);" title="&#8222;Tv, Radio und Podcasts&#8220; &#8212; Daria Oniér" src="https://daria-onier.de/tv-radio-und-podcasts/embed/#?secret=cd173rLiiC#?secret=2WHVYzRjDK" data-secret="2WHVYzRjDK" width="500" height="282" frameborder="0" marginwidth="0" marginheight="0" scrolling="no"></iframe>
</div></figure>

<p>Das Thema #Sexualität interessiert mich schon mehrere Jahrzehnte. &#8222;Alle machen es&#8220; aber niemand spricht darüber. Für mich &#8222;mit meinem ausgeprägten Entdeckertum&#8220; war recht früh klar, dass ich versuchen möchte darüber &#8222;alles was möglich ist&#8220; heraus finden. Bevor und auch während ich den therapeutischen Weg einschlug, habe ich unter meinen Künstlernamen&#8230;</p>
