{"id":1222,"date":"2023-03-14T16:39:10","date_gmt":"2023-03-14T15:39:10","guid":{"rendered":"https:\/\/tanja-hoyer.de\/?page_id=1222"},"modified":"2024-02-23T10:48:12","modified_gmt":"2024-02-23T09:48:12","slug":"weiterbildungen","status":"publish","type":"page","link":"https:\/\/tanja-hoyer.de\/?page_id=1222","title":{"rendered":"Weiterbildungen"},"content":{"rendered":"\n<p>F\u00dcR FACHPERSONAL aus unterschiedlichen Fachberatungsstellen<\/p>\n\n\n<div class=\"wp-block-image\">\n<figure class=\"alignright size-large is-resized\"><a href=\"https:\/\/tanja-hoyer.de\/wp-content\/uploads\/2023\/03\/Tanja-scaled.jpeg\"><img loading=\"lazy\" decoding=\"async\" width=\"683\" height=\"1024\" src=\"https:\/\/tanja-hoyer.de\/wp-content\/uploads\/2023\/03\/Tanja-683x1024.jpeg\" alt=\"\" class=\"wp-image-1225\" style=\"width:304px;height:456px\" srcset=\"https:\/\/tanja-hoyer.de\/wp-content\/uploads\/2023\/03\/Tanja-683x1024.jpeg 683w, https:\/\/tanja-hoyer.de\/wp-content\/uploads\/2023\/03\/Tanja-200x300.jpeg 200w, https:\/\/tanja-hoyer.de\/wp-content\/uploads\/2023\/03\/Tanja-768x1152.jpeg 768w, https:\/\/tanja-hoyer.de\/wp-content\/uploads\/2023\/03\/Tanja-1024x1536.jpeg 1024w, https:\/\/tanja-hoyer.de\/wp-content\/uploads\/2023\/03\/Tanja-1365x2048.jpeg 1365w, https:\/\/tanja-hoyer.de\/wp-content\/uploads\/2023\/03\/Tanja-scaled.jpeg 1707w\" sizes=\"auto, (max-width: 683px) 100vw, 683px\" \/><\/a><\/figure>\n<\/div>\n\n\n<p><strong>Damals als Landessprecherin f\u00fcr den <\/strong><a href=\"https:\/\/www.berufsverband-sexarbeit.de\/\"><strong>BesD. eV.<\/strong> <\/a>f\u00fcr <strong>Baden-W\u00fcrttemberg<\/strong> habe 2021 habe ich \u201eauf Anfrage\u201c mehrerer Beratungsstellen hier im Landkreis erste<strong> Fachfortbildungen f\u00fcr Sozialarbeiter*innen aus Beratungsstellen f\u00fcr Sexarbeiter*innen <\/strong>abgehalten.<\/p>\n\n\n\n<p>Durch dem Aktivismus \u201ef\u00fcr Sexarbeit\u201c befasse ich mich seit Jahren intensiv mit der aktuellen Gesetzeslage und der Perspektive\/Situation von Sexarbeiter*innen in Deutschland. F\u00fcr die Fortbildungen habe ich mich mittlerweile deutlich professioneller aufgestellt. <\/p>\n\n\n\n<p>Die Folge: <strong>Es sind mehrere tolle, vielseitige und informative Veranstaltungen f\u00fcr Beratungsstellen geworden \u2013 nat\u00fcrlich aus der Perspektive von Sexarbeiter*innen<\/strong> &#8211; auch wenn ich selber schon l\u00e4nger nicht mehr in der Sexarbeit t\u00e4tig bin. Neben dem vorhandenen Repertoire an Konzepten nehme ich sehr gerne wieder neue Anfragen an.<\/p>\n\n\n\n<p><strong>Bitte sch\u00f6n Sie sich nicht, Fragen zu stellen und teilen Sie gerne Ihre individuelle W\u00fcnsche zu jeglichen Workshops, Fortbildungen etc..<\/strong><a href=\"mailto:daria@daria-onier.de\"><strong>. per E-Mail<\/strong><\/a> an.<\/p>\n\n\n\n<p><\/p>\n","protected":false},"excerpt":{"rendered":"<p>F\u00dcR FACHPERSONAL aus unterschiedlichen Fachberatungsstellen Damals als Landessprecherin f\u00fcr den BesD. eV. f\u00fcr Baden-W\u00fcrttemberg habe 2021 habe ich \u201eauf Anfrage\u201c mehrerer Beratungsstellen hier im Landkreis erste Fachfortbildungen f\u00fcr Sozialarbeiter*innen aus Beratungsstellen f\u00fcr Sexarbeiter*innen abgehalten. Durch dem Aktivismus \u201ef\u00fcr Sexarbeit\u201c befasse ich mich seit Jahren intensiv mit der aktuellen Gesetzeslage und&#8230;<\/p>\n","protected":false},"author":2,"featured_media":0,"parent":0,"menu_order":0,"comment_status":"closed","ping_status":"closed","template":"","meta":{"footnotes":""},"class_list":["post-1222","page","type-page","status-publish","hentry"],"_links":{"self":[{"href":"https:\/\/tanja-hoyer.de\/index.php?rest_route=\/wp\/v2\/pages\/1222","targetHints":{"allow":["GET"]}}],"collection":[{"href":"https:\/\/tanja-hoyer.de\/index.php?rest_route=\/wp\/v2\/pages"}],"about":[{"href":"https:\/\/tanja-hoyer.de\/index.php?rest_route=\/wp\/v2\/types\/page"}],"author":[{"embeddable":true,"href":"https:\/\/tanja-hoyer.de\/index.php?rest_route=\/wp\/v2\/users\/2"}],"replies":[{"embeddable":true,"href":"https:\/\/tanja-hoyer.de\/index.php?rest_route=%2Fwp%2Fv2%2Fcomments&post=1222"}],"version-history":[{"count":3,"href":"https:\/\/tanja-hoyer.de\/index.php?rest_route=\/wp\/v2\/pages\/1222\/revisions"}],"predecessor-version":[{"id":1377,"href":"https:\/\/tanja-hoyer.de\/index.php?rest_route=\/wp\/v2\/pages\/1222\/revisions\/1377"}],"wp:attachment":[{"href":"https:\/\/tanja-hoyer.de\/index.php?rest_route=%2Fwp%2Fv2%2Fmedia&parent=1222"}],"curies":[{"name":"wp","href":"https:\/\/api.w.org\/{rel}","templated":true}]}}

<p>FÜR FACHPERSONAL aus unterschiedlichen Fachberatungsstellen</p>


<div class="wp-block-image">
<figure class="alignright size-large is-resized"><a href="https://tanja-hoyer.de/wp-content/uploads/2023/03/Tanja-scaled.jpeg"><img loading="lazy" decoding="async" width="683" height="1024" src="https://tanja-hoyer.de/wp-content/uploads/2023/03/Tanja-683x1024.jpeg" alt="" class="wp-image-1225" style="width:304px;height:456px" srcset="https://tanja-hoyer.de/wp-content/uploads/2023/03/Tanja-683x1024.jpeg 683w, https://tanja-hoyer.de/wp-content/uploads/2023/03/Tanja-200x300.jpeg 200w, https://tanja-hoyer.de/wp-content/uploads/2023/03/Tanja-768x1152.jpeg 768w, https://tanja-hoyer.de/wp-content/uploads/2023/03/Tanja-1024x1536.jpeg 1024w, https://tanja-hoyer.de/wp-content/uploads/2023/03/Tanja-1365x2048.jpeg 1365w, https://tanja-hoyer.de/wp-content/uploads/2023/03/Tanja-scaled.jpeg 1707w" sizes="auto, (max-width: 683px) 100vw, 683px" /></a></figure>
</div>


<p><strong>Damals als Landessprecherin für den </strong><a href="https://www.berufsverband-sexarbeit.de/"><strong>BesD. eV.</strong> </a>für <strong>Baden-Württemberg</strong> habe 2021 habe ich „auf Anfrage“ mehrerer Beratungsstellen hier im Landkreis erste<strong> Fachfortbildungen für Sozialarbeiter*innen aus Beratungsstellen für Sexarbeiter*innen </strong>abgehalten.</p>



<p>Durch dem Aktivismus „für Sexarbeit“ befasse ich mich seit Jahren intensiv mit der aktuellen Gesetzeslage und der Perspektive/Situation von Sexarbeiter*innen in Deutschland. Für die Fortbildungen habe ich mich mittlerweile deutlich professioneller aufgestellt. </p>



<p>Die Folge: <strong>Es sind mehrere tolle, vielseitige und informative Veranstaltungen für Beratungsstellen geworden – natürlich aus der Perspektive von Sexarbeiter*innen</strong> &#8211; auch wenn ich selber schon länger nicht mehr in der Sexarbeit tätig bin. Neben dem vorhandenen Repertoire an Konzepten nehme ich sehr gerne wieder neue Anfragen an.</p>



<p><strong>Bitte schön Sie sich nicht, Fragen zu stellen und teilen Sie gerne Ihre individuelle Wünsche zu jeglichen Workshops, Fortbildungen etc..</strong><a href="mailto:daria@daria-onier.de"><strong>. per E-Mail</strong></a> an.</p>



<p></p>

<p>FÜR FACHPERSONAL aus unterschiedlichen Fachberatungsstellen Damals als Landessprecherin für den BesD. eV. für Baden-Württemberg habe 2021 habe ich „auf Anfrage“ mehrerer Beratungsstellen hier im Landkreis erste Fachfortbildungen für Sozialarbeiter*innen aus Beratungsstellen für Sexarbeiter*innen abgehalten. Durch dem Aktivismus „für Sexarbeit“ befasse ich mich seit Jahren intensiv mit der aktuellen Gesetzeslage und&#8230;</p>
