{"id":1251,"date":"2023-04-21T17:44:40","date_gmt":"2023-04-21T15:44:40","guid":{"rendered":"https:\/\/tanja-hoyer.de\/?page_id=1251"},"modified":"2024-09-17T14:43:28","modified_gmt":"2024-09-17T12:43:28","slug":"zusammenarbeit","status":"publish","type":"page","link":"https:\/\/tanja-hoyer.de\/?page_id=1251","title":{"rendered":"Regelm\u00e4\u00dfige Zusammenarbeit\/Engagements"},"content":{"rendered":"\n<p>In unterschiedlichen Kontexten kooperiere ich ehrenamtlich oder freiberuflich mit folgenden Institutionen:<\/p>\n\n\n\n<p><strong>Machiel Wilhelm\/Soziale Arbeit Wilhelm<\/strong><\/p>\n\n\n\n<p><a href=\"https:\/\/www.sozialearbeit-wilhelm.de\"><strong>https:\/\/www.sozialearbeit-wilhelm.de<\/strong><\/a><\/p>\n\n\n\n<figure class=\"wp-block-image size-large is-resized\"><a href=\"https:\/\/tanja-hoyer.de\/wp-content\/uploads\/2023\/04\/0B4D0DAC-ED2E-4B08-A021-F91444073DF0.jpeg\"><img loading=\"lazy\" decoding=\"async\" width=\"1024\" height=\"420\" src=\"https:\/\/tanja-hoyer.de\/wp-content\/uploads\/2023\/04\/0B4D0DAC-ED2E-4B08-A021-F91444073DF0-1024x420.jpeg\" alt=\"\" class=\"wp-image-1253\" style=\"width:409px;height:167px\" srcset=\"https:\/\/tanja-hoyer.de\/wp-content\/uploads\/2023\/04\/0B4D0DAC-ED2E-4B08-A021-F91444073DF0-1024x420.jpeg 1024w, https:\/\/tanja-hoyer.de\/wp-content\/uploads\/2023\/04\/0B4D0DAC-ED2E-4B08-A021-F91444073DF0-300x123.jpeg 300w, https:\/\/tanja-hoyer.de\/wp-content\/uploads\/2023\/04\/0B4D0DAC-ED2E-4B08-A021-F91444073DF0-768x315.jpeg 768w, https:\/\/tanja-hoyer.de\/wp-content\/uploads\/2023\/04\/0B4D0DAC-ED2E-4B08-A021-F91444073DF0.jpeg 1299w\" sizes=\"auto, (max-width: 1024px) 100vw, 1024px\" \/><\/a><\/figure>\n\n\n\n<p><\/p>\n\n\n\n<p><strong><a href=\"https:\/\/www.stiftung-gssg.org\">GSSG<\/a>, Odenwaldstra\u00dfe 72, 51105 K\u00f6ln<\/strong><\/p>\n\n\n\n<p><\/p>\n\n\n\n<figure class=\"wp-block-image size-large is-resized\"><a href=\"https:\/\/tanja-hoyer.de\/wp-content\/uploads\/2023\/04\/8C305FD3-385B-41BD-BE61-BBFCD179AB3E.jpeg\"><img loading=\"lazy\" decoding=\"async\" width=\"1024\" height=\"1024\" src=\"https:\/\/tanja-hoyer.de\/wp-content\/uploads\/2023\/04\/8C305FD3-385B-41BD-BE61-BBFCD179AB3E-1024x1024.jpeg\" alt=\"\" class=\"wp-image-1254\" style=\"width:379px;height:379px\" srcset=\"https:\/\/tanja-hoyer.de\/wp-content\/uploads\/2023\/04\/8C305FD3-385B-41BD-BE61-BBFCD179AB3E.jpeg 1024w, https:\/\/tanja-hoyer.de\/wp-content\/uploads\/2023\/04\/8C305FD3-385B-41BD-BE61-BBFCD179AB3E-300x300.jpeg 300w, https:\/\/tanja-hoyer.de\/wp-content\/uploads\/2023\/04\/8C305FD3-385B-41BD-BE61-BBFCD179AB3E-150x150.jpeg 150w, https:\/\/tanja-hoyer.de\/wp-content\/uploads\/2023\/04\/8C305FD3-385B-41BD-BE61-BBFCD179AB3E-768x768.jpeg 768w\" sizes=\"auto, (max-width: 1024px) 100vw, 1024px\" \/><\/a><\/figure>\n\n\n\n<p><\/p>\n\n\n\n<p><strong><a href=\"https:\/\/roterstoeckelschuh.de\">Roter St\u00f6ckelschuh,<\/a> Odenwaldstra\u00dfe 72, 51105 K\u00f6ln<\/strong><\/p>\n\n\n\n<p><\/p>\n\n\n\n<figure class=\"wp-block-image size-full is-resized\"><a href=\"https:\/\/tanja-hoyer.de\/wp-content\/uploads\/2023\/04\/00CDAA90-C395-4594-8C4B-3E4A80841632.jpeg\"><img loading=\"lazy\" decoding=\"async\" width=\"732\" height=\"423\" src=\"https:\/\/tanja-hoyer.de\/wp-content\/uploads\/2023\/04\/00CDAA90-C395-4594-8C4B-3E4A80841632.jpeg\" alt=\"\" class=\"wp-image-1252\" style=\"width:386px;height:auto\" srcset=\"https:\/\/tanja-hoyer.de\/wp-content\/uploads\/2023\/04\/00CDAA90-C395-4594-8C4B-3E4A80841632.jpeg 732w, https:\/\/tanja-hoyer.de\/wp-content\/uploads\/2023\/04\/00CDAA90-C395-4594-8C4B-3E4A80841632-300x173.jpeg 300w\" sizes=\"auto, (max-width: 732px) 100vw, 732px\" \/><\/a><figcaption class=\"wp-element-caption\"><a href=\"http:\/\/www.aidshilfe-stuttgart.de\"><strong>AIDS-Hilfe Stuttgart<\/strong><\/a>, Johannesstra\u00dfe 19, 70176 Stuttgart<\/figcaption><\/figure>\n\n\n\n<p><\/p>\n\n\n\n<p><strong>Weitere<\/strong>:<\/p>\n\n\n\n<p>12. September 2024 Vortrag<strong> &#8222;Vorbilder im Kontext von LBGTIQ&#8220; <\/strong>an der Pflegefachschule Leben und Wohnen, Stuttgart<\/p>\n\n\n\n<p>31. Juli 2024 Vortrag <strong>&#8222;Grundwissen Sexarbeit&#8220;<\/strong> an der FOM in Stuttgart<\/p>\n\n\n\n<p>04. Juni 2024 Referat im Rahmen der sexualp\u00e4dagogischen Ausbildung zum Thema <strong>&#8222;Sexarbeit, Prostitution und Menschenhandel&#8220;<\/strong>, am spt &#8211; Institut M\u00fcnchen<\/p>\n\n\n\n<p>29. Februar 2024 Vortrag <strong>&#8222;Sexualit\u00e4t f\u00fcr Menschen mit Beeintr\u00e4chtigungen&#8220;<\/strong> Pflegefachschule Leben und Wohnen, Stuttgart<\/p>\n\n\n\n<p>17. Januar 2024 Vortrag<strong> &#8222;Grundwissen Sexarbeit&#8220; <\/strong>Hochschule Kehl<\/p>\n\n\n\n<p>08. Dezember 2023 Vortrag <strong>&#8222;Sexualit\u00e4t von Menschen mit Beeintr\u00e4chtigungen&#8220; <\/strong>an der BBS-Westerburg<\/p>\n\n\n\n<p>21. April 2023 <strong>Vortrag &#8222;Sexualit\u00e4t und Handicap &#8211; Hintergr\u00fcnde und Haltung&#8220; <\/strong>vor der Bundesdirektorenkonferenz (BDK e.V.), Deutschland <\/p>\n\n\n\n<p>09. M\u00e4rz 2023 Vortrag<strong> &#8222;Grundwissen Sexarbeit&#8220;<\/strong> Helm Stierlin Institut e.V., Heidelberg <\/p>\n\n\n\n<p>20. Januar 2023 Vortrag<strong> &#8222;Grundwissen Sexarbeit&#8220; <\/strong>Hochschule Kehl<\/p>\n\n\n\n<p>14. Januar 2023 Vortrag <strong>&#8222;Grundwissen Sexarbeit&#8220;<\/strong> an der FOM in Stuttgart <\/p>\n\n\n\n<p>14. Dezember 2022 Podium<strong> &#8222;Violence against Sexworker&#8220; <\/strong>VOLT Euroa<\/p>\n\n\n\n<p>01. Dezember 2022 Vortrag <strong>&#8222;Weltaidstag 2022&#8220; <\/strong>Schlo\u00dfssplatz Stuttgart <\/p>\n\n\n\n<p>28. November 2022 Podium <strong>&#8222;Meet a Sexworker&#8220;<\/strong> Projekt WORKS, Parit\u00e4t Stuttgart<\/p>\n\n\n\n<p>26. November 2022 Podium <strong>&#8222;Sexuelle Gesundheit&#8220;<\/strong> ComiCon Stuttgart<\/p>\n\n\n\n<p>08. November 2022 Vortrag <strong>&#8222;Grundlagen Sexarbeit&#8220; <\/strong>FOM Karlsruhe<\/p>\n\n\n\n<p>14. Oktober 2022 Vortrag <strong>&#8222;Sexualit\u00e4t Und Behinderung &#8211; ein Blick hinter die Kulissen&#8220; <\/strong>Fachtag SAMBA, Mainz <\/p>\n\n\n\n<p>07. Oktober 2022 Podcast <strong>&#8222;Wir m\u00f6chten, dass Hure kein Schimpfwort mehr ist&#8220;<\/strong> Zeit Online<\/p>\n\n\n\n<p>06. Oktober 2022 Vortrag <strong>&#8222;Aktuelle Situation in der Sexarbeit&#8220; <\/strong>am runden Tisch Prostitution, Pforzheim<\/p>\n\n\n\n<p>03. Oktober 2022 Infotag <strong>&#8222;Reisen mit Behinderungen&#8220; <\/strong>Bertatag,  Bad Boll<\/p>\n\n\n\n<p>03. September 2022 Vortrag mit Workshop <strong>&#8222;Untenrum Barrierefrei&#8220;<\/strong> Beratungsstelle Allerdings, Erfurt <\/p>\n\n\n\n<p>01. September 2022 Podcast <strong>&#8222;Sexualit\u00e4t und Behinderung&#8220;<\/strong> bei Geliebte auf Zeit, Hamburg<\/p>\n\n\n\n<p>26. August 2022 Vortrag <strong>&#8222;Aktuelle rechtliche Lage Sexarbeit versus Sexkaufverbot&#8220; <\/strong>SundMeer Waiblingen<\/p>\n\n\n\n<p>31. Juli 2022 Vortrag und <strong>Gedenken der AIDS-Hilfe Stuttgart<\/strong>  zum <strong>&#8222;CSD&#8220; <\/strong>Schlossplatz Stuttgart <\/p>\n\n\n\n<p>30. Juni 2022 Podium <strong>&#8222;Sexarbeit in Zeiten von Corona&#8220;<\/strong> im Franz K., Prout Reutlingen<\/p>\n\n\n\n<p>13. Mai 2022 Podium <strong>&#8222;Sexkaufverbot&#8220;<\/strong> BesD e.V. Berlin <\/p>\n\n\n\n<p>10. Mai 2022 Dreharbeiten Reportage <strong>&#8222;Sexualassistenz&#8220;<\/strong> von Tomatolix, YouTube <\/p>\n\n\n\n<p>22. M\u00e4rz 2022 Fachfortbildung <strong>&#8222;Grundlagen Sexarbeit&#8220;<\/strong> Projekt WORKS, Parit\u00e4t Stuttgart <\/p>\n\n\n\n<p>20. M\u00e4rz Radiointerview &#8222;Liebe geht durch die Ohren&#8220; Liebe, Sex, Beziehung, SWR Radio <\/p>\n\n\n\n<p>23. Februar 2022 Vortrag<strong> &#8222;Telefonsex&#8220; <\/strong>Erotikshop Frau Blum, Stuttgart <\/p>\n\n\n\n<p>17. Januar 2022 Vortrag<strong> &#8222;Grundlagen Sexarbeit&#8220; <\/strong>Hochschule Kehl<\/p>\n\n\n\n<p>30. Oktober 2022 Podcast <strong>&#8222;Der Wert von Sexarbeit&#8220;<\/strong> Rein Raus Podcast, Jones Bolt<\/p>\n\n\n\n<p>01. Dezember 2021 Vortrag <strong>&#8222;Weltaidstag 2021&#8220; <\/strong>Schlo\u00dfssplatz Stuttgart<\/p>\n\n\n\n<figure class=\"wp-block-image size-full is-resized\"><a href=\"https:\/\/tanja-hoyer.de\/wp-content\/uploads\/2023\/04\/konferenz.jpeg\"><img loading=\"lazy\" decoding=\"async\" width=\"984\" height=\"989\" src=\"https:\/\/tanja-hoyer.de\/wp-content\/uploads\/2023\/04\/konferenz.jpeg\" alt=\"\" class=\"wp-image-1265\" style=\"width:331px;height:333px\" srcset=\"https:\/\/tanja-hoyer.de\/wp-content\/uploads\/2023\/04\/konferenz.jpeg 984w, https:\/\/tanja-hoyer.de\/wp-content\/uploads\/2023\/04\/konferenz-298x300.jpeg 298w, https:\/\/tanja-hoyer.de\/wp-content\/uploads\/2023\/04\/konferenz-150x150.jpeg 150w, https:\/\/tanja-hoyer.de\/wp-content\/uploads\/2023\/04\/konferenz-768x772.jpeg 768w\" sizes=\"auto, (max-width: 984px) 100vw, 984px\" \/><\/a><\/figure>\n\n\n\n<p>An der Planung, Organisation und Durchf\u00fchrung der 1. Stuttgarter Sexarbeitskonferenz war ich massgeblich beteiligt. Weitere Informationen: <a href=\"https:\/\/sexarbeitskonferenz.de\"><strong>Sexarbeitskonferenz<\/strong><\/a><\/p>\n\n\n\n<p>06. Mai 2021 Podium <strong>&#8222;Mythen in der Sexarbeit&#8220; <\/strong>am digitalen Donnerstag bei der deutschen Gesellschaft f\u00fcr Sexualforschung <\/p>\n\n\n\n<p>13. September 2020 Podcast <strong>&#8222;Das Leben einer Sexarbeiterin&#8220;<\/strong> &#8222;Ist das normal&#8220;, Stuttgart<\/p>\n\n\n\n<p>06. August 2020 Demonstration auf dem Wilhelmsplatz <strong>&#8222;Sexarbeit in Zeiten von Corona&#8220;<\/strong><\/p>\n\n\n\n<p>&#8230;weitere Informationen finden Sie auch unter<strong> <a href=\"https:\/\/daria-onier.de\/tv-radio-und-podcasts\/\">Podcast, TV und Co<\/a>&#8230;<\/strong><\/p>\n\n\n\n<p><\/p>\n","protected":false},"excerpt":{"rendered":"<p>In unterschiedlichen Kontexten kooperiere ich ehrenamtlich oder freiberuflich mit folgenden Institutionen: Machiel Wilhelm\/Soziale Arbeit Wilhelm https:\/\/www.sozialearbeit-wilhelm.de GSSG, Odenwaldstra\u00dfe 72, 51105 K\u00f6ln Roter St\u00f6ckelschuh, Odenwaldstra\u00dfe 72, 51105 K\u00f6ln AIDS-Hilfe Stuttgart, Johannesstra\u00dfe 19, 70176 Stuttgart Weitere: 12. September 2024 Vortrag &#8222;Vorbilder im Kontext von LBGTIQ&#8220; an der Pflegefachschule Leben und Wohnen, Stuttgart&#8230;<\/p>\n","protected":false},"author":2,"featured_media":0,"parent":0,"menu_order":0,"comment_status":"closed","ping_status":"closed","template":"","meta":{"footnotes":""},"class_list":["post-1251","page","type-page","status-publish","hentry"],"_links":{"self":[{"href":"https:\/\/tanja-hoyer.de\/index.php?rest_route=\/wp\/v2\/pages\/1251","targetHints":{"allow":["GET"]}}],"collection":[{"href":"https:\/\/tanja-hoyer.de\/index.php?rest_route=\/wp\/v2\/pages"}],"about":[{"href":"https:\/\/tanja-hoyer.de\/index.php?rest_route=\/wp\/v2\/types\/page"}],"author":[{"embeddable":true,"href":"https:\/\/tanja-hoyer.de\/index.php?rest_route=\/wp\/v2\/users\/2"}],"replies":[{"embeddable":true,"href":"https:\/\/tanja-hoyer.de\/index.php?rest_route=%2Fwp%2Fv2%2Fcomments&post=1251"}],"version-history":[{"count":10,"href":"https:\/\/tanja-hoyer.de\/index.php?rest_route=\/wp\/v2\/pages\/1251\/revisions"}],"predecessor-version":[{"id":1500,"href":"https:\/\/tanja-hoyer.de\/index.php?rest_route=\/wp\/v2\/pages\/1251\/revisions\/1500"}],"wp:attachment":[{"href":"https:\/\/tanja-hoyer.de\/index.php?rest_route=%2Fwp%2Fv2%2Fmedia&parent=1251"}],"curies":[{"name":"wp","href":"https:\/\/api.w.org\/{rel}","templated":true}]}}

Regelmäßige Zusammenarbeit/Engagements

<p>In unterschiedlichen Kontexten kooperiere ich ehrenamtlich oder freiberuflich mit folgenden Institutionen:</p>



<p><strong>Machiel Wilhelm/Soziale Arbeit Wilhelm</strong></p>



<p><a href="https://www.sozialearbeit-wilhelm.de"><strong>https://www.sozialearbeit-wilhelm.de</strong></a></p>



<figure class="wp-block-image size-large is-resized"><a href="https://tanja-hoyer.de/wp-content/uploads/2023/04/0B4D0DAC-ED2E-4B08-A021-F91444073DF0.jpeg"><img loading="lazy" decoding="async" width="1024" height="420" src="https://tanja-hoyer.de/wp-content/uploads/2023/04/0B4D0DAC-ED2E-4B08-A021-F91444073DF0-1024x420.jpeg" alt="" class="wp-image-1253" style="width:409px;height:167px" srcset="https://tanja-hoyer.de/wp-content/uploads/2023/04/0B4D0DAC-ED2E-4B08-A021-F91444073DF0-1024x420.jpeg 1024w, https://tanja-hoyer.de/wp-content/uploads/2023/04/0B4D0DAC-ED2E-4B08-A021-F91444073DF0-300x123.jpeg 300w, https://tanja-hoyer.de/wp-content/uploads/2023/04/0B4D0DAC-ED2E-4B08-A021-F91444073DF0-768x315.jpeg 768w, https://tanja-hoyer.de/wp-content/uploads/2023/04/0B4D0DAC-ED2E-4B08-A021-F91444073DF0.jpeg 1299w" sizes="auto, (max-width: 1024px) 100vw, 1024px" /></a></figure>



<p></p>



<p><strong><a href="https://www.stiftung-gssg.org">GSSG</a>, Odenwaldstraße 72, 51105 Köln</strong></p>



<p></p>



<figure class="wp-block-image size-large is-resized"><a href="https://tanja-hoyer.de/wp-content/uploads/2023/04/8C305FD3-385B-41BD-BE61-BBFCD179AB3E.jpeg"><img loading="lazy" decoding="async" width="1024" height="1024" src="https://tanja-hoyer.de/wp-content/uploads/2023/04/8C305FD3-385B-41BD-BE61-BBFCD179AB3E-1024x1024.jpeg" alt="" class="wp-image-1254" style="width:379px;height:379px" srcset="https://tanja-hoyer.de/wp-content/uploads/2023/04/8C305FD3-385B-41BD-BE61-BBFCD179AB3E.jpeg 1024w, https://tanja-hoyer.de/wp-content/uploads/2023/04/8C305FD3-385B-41BD-BE61-BBFCD179AB3E-300x300.jpeg 300w, https://tanja-hoyer.de/wp-content/uploads/2023/04/8C305FD3-385B-41BD-BE61-BBFCD179AB3E-150x150.jpeg 150w, https://tanja-hoyer.de/wp-content/uploads/2023/04/8C305FD3-385B-41BD-BE61-BBFCD179AB3E-768x768.jpeg 768w" sizes="auto, (max-width: 1024px) 100vw, 1024px" /></a></figure>



<p></p>



<p><strong><a href="https://roterstoeckelschuh.de">Roter Stöckelschuh,</a> Odenwaldstraße 72, 51105 Köln</strong></p>



<p></p>



<figure class="wp-block-image size-full is-resized"><a href="https://tanja-hoyer.de/wp-content/uploads/2023/04/00CDAA90-C395-4594-8C4B-3E4A80841632.jpeg"><img loading="lazy" decoding="async" width="732" height="423" src="https://tanja-hoyer.de/wp-content/uploads/2023/04/00CDAA90-C395-4594-8C4B-3E4A80841632.jpeg" alt="" class="wp-image-1252" style="width:386px;height:auto" srcset="https://tanja-hoyer.de/wp-content/uploads/2023/04/00CDAA90-C395-4594-8C4B-3E4A80841632.jpeg 732w, https://tanja-hoyer.de/wp-content/uploads/2023/04/00CDAA90-C395-4594-8C4B-3E4A80841632-300x173.jpeg 300w" sizes="auto, (max-width: 732px) 100vw, 732px" /></a><figcaption class="wp-element-caption"><a href="http://www.aidshilfe-stuttgart.de"><strong>AIDS-Hilfe Stuttgart</strong></a>, Johannesstraße 19, 70176 Stuttgart</figcaption></figure>



<p></p>



<p><strong>Weitere</strong>:</p>



<p>12. September 2024 Vortrag<strong> &#8222;Vorbilder im Kontext von LBGTIQ&#8220; </strong>an der Pflegefachschule Leben und Wohnen, Stuttgart</p>



<p>31. Juli 2024 Vortrag <strong>&#8222;Grundwissen Sexarbeit&#8220;</strong> an der FOM in Stuttgart</p>



<p>04. Juni 2024 Referat im Rahmen der sexualpädagogischen Ausbildung zum Thema <strong>&#8222;Sexarbeit, Prostitution und Menschenhandel&#8220;</strong>, am spt &#8211; Institut München</p>



<p>29. Februar 2024 Vortrag <strong>&#8222;Sexualität für Menschen mit Beeinträchtigungen&#8220;</strong> Pflegefachschule Leben und Wohnen, Stuttgart</p>



<p>17. Januar 2024 Vortrag<strong> &#8222;Grundwissen Sexarbeit&#8220; </strong>Hochschule Kehl</p>



<p>08. Dezember 2023 Vortrag <strong>&#8222;Sexualität von Menschen mit Beeinträchtigungen&#8220; </strong>an der BBS-Westerburg</p>



<p>21. April 2023 <strong>Vortrag &#8222;Sexualität und Handicap &#8211; Hintergründe und Haltung&#8220; </strong>vor der Bundesdirektorenkonferenz (BDK e.V.), Deutschland </p>



<p>09. März 2023 Vortrag<strong> &#8222;Grundwissen Sexarbeit&#8220;</strong> Helm Stierlin Institut e.V., Heidelberg </p>



<p>20. Januar 2023 Vortrag<strong> &#8222;Grundwissen Sexarbeit&#8220; </strong>Hochschule Kehl</p>



<p>14. Januar 2023 Vortrag <strong>&#8222;Grundwissen Sexarbeit&#8220;</strong> an der FOM in Stuttgart </p>



<p>14. Dezember 2022 Podium<strong> &#8222;Violence against Sexworker&#8220; </strong>VOLT Euroa</p>



<p>01. Dezember 2022 Vortrag <strong>&#8222;Weltaidstag 2022&#8220; </strong>Schloßssplatz Stuttgart </p>



<p>28. November 2022 Podium <strong>&#8222;Meet a Sexworker&#8220;</strong> Projekt WORKS, Parität Stuttgart</p>



<p>26. November 2022 Podium <strong>&#8222;Sexuelle Gesundheit&#8220;</strong> ComiCon Stuttgart</p>



<p>08. November 2022 Vortrag <strong>&#8222;Grundlagen Sexarbeit&#8220; </strong>FOM Karlsruhe</p>



<p>14. Oktober 2022 Vortrag <strong>&#8222;Sexualität Und Behinderung &#8211; ein Blick hinter die Kulissen&#8220; </strong>Fachtag SAMBA, Mainz </p>



<p>07. Oktober 2022 Podcast <strong>&#8222;Wir möchten, dass Hure kein Schimpfwort mehr ist&#8220;</strong> Zeit Online</p>



<p>06. Oktober 2022 Vortrag <strong>&#8222;Aktuelle Situation in der Sexarbeit&#8220; </strong>am runden Tisch Prostitution, Pforzheim</p>



<p>03. Oktober 2022 Infotag <strong>&#8222;Reisen mit Behinderungen&#8220; </strong>Bertatag,  Bad Boll</p>



<p>03. September 2022 Vortrag mit Workshop <strong>&#8222;Untenrum Barrierefrei&#8220;</strong> Beratungsstelle Allerdings, Erfurt </p>



<p>01. September 2022 Podcast <strong>&#8222;Sexualität und Behinderung&#8220;</strong> bei Geliebte auf Zeit, Hamburg</p>



<p>26. August 2022 Vortrag <strong>&#8222;Aktuelle rechtliche Lage Sexarbeit versus Sexkaufverbot&#8220; </strong>SundMeer Waiblingen</p>



<p>31. Juli 2022 Vortrag und <strong>Gedenken der AIDS-Hilfe Stuttgart</strong>  zum <strong>&#8222;CSD&#8220; </strong>Schlossplatz Stuttgart </p>



<p>30. Juni 2022 Podium <strong>&#8222;Sexarbeit in Zeiten von Corona&#8220;</strong> im Franz K., Prout Reutlingen</p>



<p>13. Mai 2022 Podium <strong>&#8222;Sexkaufverbot&#8220;</strong> BesD e.V. Berlin </p>



<p>10. Mai 2022 Dreharbeiten Reportage <strong>&#8222;Sexualassistenz&#8220;</strong> von Tomatolix, YouTube </p>



<p>22. März 2022 Fachfortbildung <strong>&#8222;Grundlagen Sexarbeit&#8220;</strong> Projekt WORKS, Parität Stuttgart </p>



<p>20. März Radiointerview &#8222;Liebe geht durch die Ohren&#8220; Liebe, Sex, Beziehung, SWR Radio </p>



<p>23. Februar 2022 Vortrag<strong> &#8222;Telefonsex&#8220; </strong>Erotikshop Frau Blum, Stuttgart </p>



<p>17. Januar 2022 Vortrag<strong> &#8222;Grundlagen Sexarbeit&#8220; </strong>Hochschule Kehl</p>



<p>30. Oktober 2022 Podcast <strong>&#8222;Der Wert von Sexarbeit&#8220;</strong> Rein Raus Podcast, Jones Bolt</p>



<p>01. Dezember 2021 Vortrag <strong>&#8222;Weltaidstag 2021&#8220; </strong>Schloßssplatz Stuttgart</p>



<figure class="wp-block-image size-full is-resized"><a href="https://tanja-hoyer.de/wp-content/uploads/2023/04/konferenz.jpeg"><img loading="lazy" decoding="async" width="984" height="989" src="https://tanja-hoyer.de/wp-content/uploads/2023/04/konferenz.jpeg" alt="" class="wp-image-1265" style="width:331px;height:333px" srcset="https://tanja-hoyer.de/wp-content/uploads/2023/04/konferenz.jpeg 984w, https://tanja-hoyer.de/wp-content/uploads/2023/04/konferenz-298x300.jpeg 298w, https://tanja-hoyer.de/wp-content/uploads/2023/04/konferenz-150x150.jpeg 150w, https://tanja-hoyer.de/wp-content/uploads/2023/04/konferenz-768x772.jpeg 768w" sizes="auto, (max-width: 984px) 100vw, 984px" /></a></figure>



<p>An der Planung, Organisation und Durchführung der 1. Stuttgarter Sexarbeitskonferenz war ich massgeblich beteiligt. Weitere Informationen: <a href="https://sexarbeitskonferenz.de"><strong>Sexarbeitskonferenz</strong></a></p>



<p>06. Mai 2021 Podium <strong>&#8222;Mythen in der Sexarbeit&#8220; </strong>am digitalen Donnerstag bei der deutschen Gesellschaft für Sexualforschung </p>



<p>13. September 2020 Podcast <strong>&#8222;Das Leben einer Sexarbeiterin&#8220;</strong> &#8222;Ist das normal&#8220;, Stuttgart</p>



<p>06. August 2020 Demonstration auf dem Wilhelmsplatz <strong>&#8222;Sexarbeit in Zeiten von Corona&#8220;</strong></p>



<p>&#8230;weitere Informationen finden Sie auch unter<strong> <a href="https://daria-onier.de/tv-radio-und-podcasts/">Podcast, TV und Co</a>&#8230;</strong></p>



<p></p>

<p>In unterschiedlichen Kontexten kooperiere ich ehrenamtlich oder freiberuflich mit folgenden Institutionen: Machiel Wilhelm/Soziale Arbeit Wilhelm https://www.sozialearbeit-wilhelm.de GSSG, Odenwaldstraße 72, 51105 Köln Roter Stöckelschuh, Odenwaldstraße 72, 51105 Köln AIDS-Hilfe Stuttgart, Johannesstraße 19, 70176 Stuttgart Weitere: 12. September 2024 Vortrag &#8222;Vorbilder im Kontext von LBGTIQ&#8220; an der Pflegefachschule Leben und Wohnen, Stuttgart&#8230;</p>
