{"id":27,"date":"2015-04-15T17:05:51","date_gmt":"2015-04-15T15:05:51","guid":{"rendered":"https:\/\/tanja-hoyer.de\/?page_id=27"},"modified":"2023-11-05T16:31:22","modified_gmt":"2023-11-05T15:31:22","slug":"impressum","status":"publish","type":"page","link":"https:\/\/tanja-hoyer.de\/?page_id=27","title":{"rendered":"Impressum"},"content":{"rendered":"<p>Tanja Hoyer<\/p>\n<p>die praxis<\/p>\n<p>Libanonstra\u00dfe 49<\/p>\n<p>70184 Stuttgart<\/p>\n<p>tanja-hoyer(at)t-online.de<\/p>\n<p>0049 &#8211; 162 &#8211; 9 750 927<\/p>\n<p><em><strong>Rechtliche Hinweise<\/strong><\/em><br \/>\n<strong><em>Hinweis auf Urheberrechte:<\/em><\/strong><br \/>\nAlle auf dieser Internetseite ver\u00f6ffentlichten Informationen und Abbildungen sind urheberrechtlich gesch\u00fctzt. Jede vom Urheberrechtsgesetz nicht zugelassene Verwertung bedarf vorheriger schriftlicher Zustimmung des Autors.<\/p>\n<p><strong><em>E-Mail-Kommunikation:<\/em><\/strong><br \/>\nKommunikation via E-Mail kann auf Grund der technischen Eigenschaften des Internet Sicherheitsl\u00fccken aufweisen. Sofern Sie mit mir \u00fcber E-Mail Kontakt aufnehmen, gehe ich davon aus, dass auch eine Beantwortung per E-Mail erfolgen kann, sofern Sie dieser Kommunikationsform nicht ausdr\u00fccklich widersprechen.<\/p>\n<p><em><strong>Unverbindlichkeit der Informationen:<\/strong><\/em><br \/>\nDie Inhalte dieser Website sind sorgf\u00e4ltig recherchiert und aufbereitet. Ich kann jedoch keine Haftung f\u00fcr die Richtigkeit, Vollst\u00e4ndigkeit und Aktualit\u00e4t aller hier dargestellten Informationen \u00fcbernehmen.<\/p>\n<p><em><strong>Links auf externe Seiten:<\/strong><\/em><br \/>\nDie Inhalte externer Links werden zwar zum Zeitpunkt der Ver\u00f6ffentlichung von mir gepr\u00fcft, k\u00f6nnen sich aber ver\u00e4ndern. Daher \u00fcbernehme ich keine Haftung daf\u00fcr. Sollten Ihnen jedoch Links auf rechts- oder sittenwidrige Inhalte auffallen, senden Sie mir bitte eine entsprechende E-Mail, damit ich den Link entfernen kann.<\/p>\n<p><strong><em>Haftungsausschluss:<\/em><\/strong><br \/>\nReconnective Healing\u00ae dient der Aktivierung der Selbstheilungskr\u00e4fte und ersetzen nicht die Diagnose oder Behandlung durch den Arzt oder Heilpraktiker. Eine laufende \u00e4rztliche Behandlung soll nicht unterbrochen oder abgebrochen werden bzw. eine k\u00fcnftige notwendige Behandlung nicht hinausgeschoben oder ganz unterlassen werden.<br \/>\nIch bin bem\u00fcht die Informationen so aktuell und korrekt wie m\u00f6glich zu halten. Die Inhalte wurden sehr sorgf\u00e4ltig erarbeitet und kontrolliert, trotzdem k\u00f6nnen Fehler auftreten. F\u00fcr Richtigkeit, Vollst\u00e4ndigkeit und Aktualit\u00e4t \u00fcbernehme ich keine Haftung. Die Verwendung dieser Web-Seite und der darin enthaltenen Informationen erfolgt auf eigene Gefahr. \u00c4nderungen der Inhalte sind jederzeit m\u00f6glich.<\/p>\n<p>Trotz sorgf\u00e4ltiger inhaltlicher Kontrolle \u00fcbernehme ich ebenso keine Haftung f\u00fcr Inhalte externer Links. F\u00fcr den Inhalt der verlinkten Seiten sind ausschlie\u00dflich deren Betreiber verantwortlich.<br \/>\nDes weiteren kann diese Web-Seite ohne mein Wissen von einer anderen Seite mittels Hyperlink angelinkt worden sein. Reconnective Healing\u00ae &#8211; Tanja Hoyer \u00fcbernimmt keine Verantwortung f\u00fcr Darstellung, Inhalt oder irgendeine Verbindung zu Reconnective Healing\u00ae \u2013 Tanja Hoyer in Web-Seiten Dritter.<\/p>\n<p><em><strong>Datenschutz:<\/strong><\/em><\/p>\n<p>Unsere Website verwendet Piwik, dabei handelt es sich um einen sogenannten Webanalysedienst. Piwik verwendet sog. \u201cCookies\u201d, das sind Textdateien, die auf Ihrem Computer gespeichert werden und die unsererseits eine Analyse der Benutzung der Webseite erm\u00f6glichen. Zu diesem Zweck werden die durch den Cookie erzeugten Nutzungsinformationen (einschlie\u00dflich Ihrer gek\u00fcrzten IP-Adresse) an unseren Server \u00fcbertragen und zu Nutzungsanalysezwecken gespeichert, was der Webseitenoptimierung unsererseits dient. Ihre IP-Adresse wird bei diesem Vorgang umge\u00adhend anony\u00admi\u00adsiert, so dass Sie als Nutzer f\u00fcr uns anonym bleiben. Die durch den Cookie erzeugten Informationen \u00fcber Ihre Benutzung dieser Webseite werden nicht an Dritte weitergegeben. Sie k\u00f6nnen die Verwendung der Cookies durch eine entsprechende Einstellung Ihrer Browser Software verhindern, es kann jedoch sein, dass Sie in diesem Fall gegebenenfalls nicht s\u00e4mtliche Funktionen dieser Website voll umf\u00e4nglich nutzen k\u00f6nnen.<\/p>\n<p>Wenn Sie mit der Spei\u00adche\u00adrung und Aus\u00adwer\u00adtung die\u00adser Daten aus Ihrem Besuch nicht ein\u00adver\u00adstan\u00adden sind, dann k\u00f6n\u00adnen Sie der Spei\u00adche\u00adrung und Nut\u00adzung nachfolgend per Maus\u00adklick jederzeit wider\u00adspre\u00adchen. In diesem Fall wird in Ihrem Browser ein sog. Opt-Out-Cookie abgelegt, was zur Folge hat, dass Piwik kei\u00adner\u00adlei Sit\u00adzungs\u00adda\u00adten erhebt. Achtung: Wenn Sie Ihre Cookies l\u00f6schen, so hat dies zur Folge, dass auch das Opt-Out-Cookie gel\u00f6scht wird und ggf. von Ihnen erneut aktiviert werden muss.<\/p>\n","protected":false},"excerpt":{"rendered":"<p>Tanja Hoyer die praxis Libanonstra\u00dfe 49 70184 Stuttgart tanja-hoyer(at)t-online.de 0049 &#8211; 162 &#8211; 9 750 927 Rechtliche Hinweise Hinweis auf Urheberrechte: Alle auf dieser Internetseite ver\u00f6ffentlichten Informationen und Abbildungen sind urheberrechtlich gesch\u00fctzt. Jede vom Urheberrechtsgesetz nicht zugelassene Verwertung bedarf vorheriger schriftlicher Zustimmung des Autors. E-Mail-Kommunikation: Kommunikation via E-Mail kann auf&#8230;<\/p>\n","protected":false},"author":2,"featured_media":0,"parent":0,"menu_order":0,"comment_status":"closed","ping_status":"closed","template":"","meta":{"footnotes":""},"class_list":["post-27","page","type-page","status-publish","hentry"],"_links":{"self":[{"href":"https:\/\/tanja-hoyer.de\/index.php?rest_route=\/wp\/v2\/pages\/27","targetHints":{"allow":["GET"]}}],"collection":[{"href":"https:\/\/tanja-hoyer.de\/index.php?rest_route=\/wp\/v2\/pages"}],"about":[{"href":"https:\/\/tanja-hoyer.de\/index.php?rest_route=\/wp\/v2\/types\/page"}],"author":[{"embeddable":true,"href":"https:\/\/tanja-hoyer.de\/index.php?rest_route=\/wp\/v2\/users\/2"}],"replies":[{"embeddable":true,"href":"https:\/\/tanja-hoyer.de\/index.php?rest_route=%2Fwp%2Fv2%2Fcomments&post=27"}],"version-history":[{"count":6,"href":"https:\/\/tanja-hoyer.de\/index.php?rest_route=\/wp\/v2\/pages\/27\/revisions"}],"predecessor-version":[{"id":1320,"href":"https:\/\/tanja-hoyer.de\/index.php?rest_route=\/wp\/v2\/pages\/27\/revisions\/1320"}],"wp:attachment":[{"href":"https:\/\/tanja-hoyer.de\/index.php?rest_route=%2Fwp%2Fv2%2Fmedia&parent=27"}],"curies":[{"name":"wp","href":"https:\/\/api.w.org\/{rel}","templated":true}]}}